{"id":171,"date":"2017-04-29T22:20:06","date_gmt":"2017-04-29T21:20:06","guid":{"rendered":"http:\/\/www.otrubapartner.cz\/?page_id=171"},"modified":"2025-11-02T20:48:55","modified_gmt":"2025-11-02T19:48:55","slug":"osvedceni","status":"publish","type":"page","link":"https:\/\/www.otrubapartner.cz\/index.php\/osvedceni\/","title":{"rendered":"Osv\u011bd\u010den\u00ed"},"content":{"rendered":"<p><img loading=\"lazy\" decoding=\"async\" class=\"alignleft wp-image-175 size-full\" src=\"http:\/\/www.otrubapartner.cz\/wp-content\/uploads\/2017\/04\/autorizace_otruba.jpg\" alt=\"\" width=\"350\" height=\"500\" srcset=\"https:\/\/www.otrubapartner.cz\/wp-content\/uploads\/2017\/04\/autorizace_otruba.jpg 350w, https:\/\/www.otrubapartner.cz\/wp-content\/uploads\/2017\/04\/autorizace_otruba-210x300.jpg 210w\" sizes=\"auto, (max-width: 350px) 100vw, 350px\" \/><img loading=\"lazy\" decoding=\"async\" class=\"alignleft wp-image-176 size-full\" src=\"http:\/\/www.otrubapartner.cz\/wp-content\/uploads\/2017\/04\/autorizace_znoj.jpg\" alt=\"\" width=\"354\" height=\"500\" srcset=\"https:\/\/www.otrubapartner.cz\/wp-content\/uploads\/2017\/04\/autorizace_znoj.jpg 354w, https:\/\/www.otrubapartner.cz\/wp-content\/uploads\/2017\/04\/autorizace_znoj-212x300.jpg 212w\" sizes=\"auto, (max-width: 354px) 100vw, 354px\" \/><img loading=\"lazy\" decoding=\"async\" class=\"alignleft wp-image-173 size-full\" src=\"http:\/\/www.otrubapartner.cz\/wp-content\/uploads\/2025\/11\/bozp_otruba.jpg\" alt=\"\" width=\"350\" height=\"500\" \/><img loading=\"lazy\" decoding=\"async\" class=\"alignleft wp-image-174 size-full\" src=\"http:\/\/www.otrubapartner.cz\/wp-content\/uploads\/2025\/11\/bozp_znoj.jpg\" alt=\"\" width=\"350\" height=\"500\" \/><\/p>\n","protected":false},"excerpt":{"rendered":"","protected":false},"author":1,"featured_media":0,"parent":0,"menu_order":7,"comment_status":"closed","ping_status":"closed","template":"template-full-width.php","meta":{"footnotes":""},"class_list":["post-171","page","type-page","status-publish","hentry"],"_links":{"self":[{"href":"https:\/\/www.otrubapartner.cz\/index.php\/wp-json\/wp\/v2\/pages\/171","targetHints":{"allow":["GET"]}}],"collection":[{"href":"https:\/\/www.otrubapartner.cz\/index.php\/wp-json\/wp\/v2\/pages"}],"about":[{"href":"https:\/\/www.otrubapartner.cz\/index.php\/wp-json\/wp\/v2\/types\/page"}],"author":[{"embeddable":true,"href":"https:\/\/www.otrubapartner.cz\/index.php\/wp-json\/wp\/v2\/users\/1"}],"replies":[{"embeddable":true,"href":"https:\/\/www.otrubapartner.cz\/index.php\/wp-json\/wp\/v2\/comments?post=171"}],"version-history":[{"count":6,"href":"https:\/\/www.otrubapartner.cz\/index.php\/wp-json\/wp\/v2\/pages\/171\/revisions"}],"predecessor-version":[{"id":448,"href":"https:\/\/www.otrubapartner.cz\/index.php\/wp-json\/wp\/v2\/pages\/171\/revisions\/448"}],"wp:attachment":[{"href":"https:\/\/www.otrubapartner.cz\/index.php\/wp-json\/wp\/v2\/media?parent=171"}],"curies":[{"name":"wp","href":"https:\/\/api.w.org\/{rel}","templated":true}]}}